ighest common factor of 689125 and 149?
149
Calculate the greatest common divisor of 33 and 197208.
33
What is the greatest common divisor of 5782 and 2254?
98
Calculate the highest common divisor of 58005 and 135.
45
What is the greatest common divisor of 549 and 3188043?
549
Calculate the greatest common divisor of 558 and 77934.
186
What is the highest common divisor of 273 and 97006?
91
Calculate the highest common factor of 121865 and 15.
5
What is the highest common divisor of 18124 and 1196?
92
What is the greatest common factor of 6052697 and 646?
323
What is the greatest common divisor of 11 and 415129?
11
Calculate the greatest common divisor of 1939 and 175.
7
Calculate the highest common factor of 34730765 and 95.
95
What is the greatest common divisor of 50460 and 2175?
435
What is the highest common divisor of 9511 and 1?
1
What is the greatest common divisor of 5790 and 120?
30
Calculate the greatest common factor of 3698272 and 32.
32
Calculate the greatest common factor of 68646 and 816.
102
What is the highest common divisor of 19 and 1196012?
19
Calculate the greatest common divisor of 3052 and 2212.
28
Calculate the greatest common divisor of 43699 and 35843.
491
What is the highest common factor of 10106 and 589?
31
Calculate the greatest common divisor of 480339 and 171.
171
Calculate the greatest common factor of 1197 and 309168.
171
What is the highest common divisor of 295 and 586165?
295
What is the greatest common divisor of 7 and 16807?
7
What is the greatest common factor of 31244 and 1712?
428
What is the greatest common factor of 4180 and 68210?
190
What is the greatest common factor of 218 and 147041?
109
What is the highest common factor of 11613 and 2793?
147
Calculate the greatest common divisor of 440 and 7090.
10
What is the highest common divisor of 330 and 478695?
15
Calculate the highest common divisor of 215 and 89075.
5
Calculate the greatest common factor of 114106 and 6313.
59
What is the highest common divisor of 171655 and 55?
55
Calculate the greatest common factor of 14569 and 51.
17
What is the highest common factor of 80011 and 356?
89
Calculate the greatest common factor of 24 and 2218056.
24
Calculate the greatest common factor of 1392 and 5974.
58
Calculate the highest common factor of 12 and 122592.
12
What is the greatest common factor of 490 and 947170?
490
Calculate the highest common divisor of 1100 and 6400.
100
What is the highest common divisor of 217 and 48097?
7
What is the highest common factor of 254194 and 298?
298
What is the greatest common divisor of 14938 and 14784?
154
Calculate the greatest common factor of 6030 and 221435.
335
Calculate the highest common divisor of 3216 and 5987120.
1072
Calculate the highest common divisor of 99 and 640992.
33
Calculate the highest common divisor of 115 and 103684.
23
Calculate the greatest common divisor of 1921881 and 26.
13
Calculate the highest common factor of 13 and 20423.
13
What is the highest common factor of 1254411 and 111?
111
Calculate the greatest common divisor of 42 and 48538.
14
Calculate the highest common factor of 17360 and 19040.
560
Calculate the highest common factor of 480 and 737112.
24
Calculate the greatest common divisor of 496 and 304792.
248
Calculate the highest common factor of 32066 and 4.
2
Calculate the greatest common factor of 145420 and 2750.
110
Calculate the highest common factor of 5586 and 144438.
798
Calculate the greatest common divisor of 2274 and 632930.
758
Calculate the highest common divisor of 156755 and 5350.
535
Calculate the highest common divisor of 47139 and 228.
57
Calculate the highest common divisor of 971037 and 207.
207
What is the highest common factor of 662 and 26149?
331
What is the highest common divisor of 2995 and 50?
5
Calculate the highest common divisor of 206854 and 236.
118
What is the greatest common divisor of 88495 and 220?
55
Calculate the highest common factor of 96122 and 78.
26
What is the greatest common factor of 3569 and 118773?
83
What is the highest common factor of 6897 and 24244?
209
Calculate the greatest common divisor of 1113 and 213087.
21
Calculate the highest common divisor of 54 and 550989.
27
Calculate the greatest common factor of 203846 and 16164.
898
Calculate the highest common divisor of 1368 and 49419.
171
What is the greatest common factor of 6394 and 19159?
23
Calculate the highest common divisor of 232 and 11426.
58
What is the highest common factor of 16445 and 33?
11
What is the greatest common factor of 5170 and 484?
22
What is the greatest common divisor of 22 and 1276187?
11
Calculate the greatest common divisor of 396378 and 171.
171
What is the highest common divisor of 248193 and 14421?
759
Calculate the greatest common divisor of 2416916 and 428.
428
Calculate the greatest common factor of 1740 and 540.
60
What is the greatest common divisor of 748 and 2796398?
374
What is the highest common factor of 138130 and 190?
190
What is the highest common factor of 167960 and 780?
260
Calculate the greatest common factor of 2360 and 209273.
59
What is the highest common divisor of 665130 and 65?
5
What is the greatest common factor of 536 and 106?
2
Calculate the highest common divisor of 130895 and 6110.
235
Calculate the greatest common divisor of 12288 and 3512.
8
Calculate the greatest common factor of 1278524 and 416.
52
What is the greatest common divisor of 84 and 3398829?
21
What is the highest common divisor of 231021 and 266?
133
What is the greatest common divisor of 552264 and 24?
24
Calculate the greatest common divisor of 25233 and 7527.
39
Calculate the highest common factor of 126790 and 2790.
310
Calculate the highest common divisor of 21829 and 10707.
83
What is the greatest common divisor of 2 and 4418?
2
Calculate the highest common factor of 54 and 21249.
27
Calculate the highest common factor of 2844 and 16092.
36
What is the highest common divisor of 229999 and 154?
77
Calculate the greatest common divisor of 42206 and 160742.
898
Calculate the highest common factor of 61759 and 51125.
409
What is the highest common factor of 570 and 245670?
570
Calculate the highest common divisor of 5012 and 296424.
716
What is the greatest common divisor of 2048743 and 5001?
1667
Calculate the greatest common divisor of 245 and 123529.
49
Calculate the highest common divisor of 22 and 902330.
22
What is the greatest common factor of 2246388 and 4716?
1572
What is the greatest common divisor of 2014 and 7738?
106
What is the greatest common divisor of 489888 and 12?
12
What is the highest common divisor of 46 and 1623800?
46
What is the greatest common divisor of 549 and 135?
9
Calculate the greatest common factor of 162080 and 32.
32
Calculate the highest common divisor of 279356 and 2772.
308
Calculate the highest common factor of 263509 and 101.
101
Calculate the highest common factor of 125076 and 84.
84
Calculate the highest common divisor of 100783 and 97.
97
What is the greatest common factor of 72 and 61544?
8
Calculate the greatest common factor of 741 and 874.
19
Calculate the highest common divisor of 1678868 and 116.
116
Calculate the highest common factor of 63 and 372162.
21
Calculate the highest common factor of 49753 and 77.
11
What is the greatest common divisor of 54 and 153099?
9
Calculate the greatest common divisor of 49025 and 64925.
1325
Calculate the greatest common factor of 1616 and 944.
16
Calculate the highest common divisor of 680 and 30175.
85
Calculate the greatest common divisor of 95573 and 93.
31
Calculate the greatest common divisor of 102 and 35334.
6
What is the greatest common factor of 22040 and 201020?
380
What is the greatest common factor of 104 and 11778?
26
What is the greatest common factor of 16 and 71312?
16
What is the greatest common divisor of 32075 and 550?
25
Calculate the greatest common factor of 963 and 104646.
321
Calculate the highest common divisor of 38021 and 23932.
193
What is the greatest common divisor of 1394 and 3280?
82
Calculate the highest common divisor of 1405128 and 922.
922
Calculate the highest common factor of 375 and 21495.
15
What is the greatest common factor of 4415 and 280?
5
What is the highest common divisor of 22 and 2323486?
22
Calculate th